{"id":2,"date":"2011-07-13T07:50:15","date_gmt":"2011-07-13T07:50:15","guid":{"rendered":"http:\/\/boston-bull.ch\/site\/?page_id=2"},"modified":"2021-04-20T12:36:52","modified_gmt":"2021-04-20T12:36:52","slug":"sample-page","status":"publish","type":"page","link":"http:\/\/boston-bull.ch\/site?page_id=2","title":{"rendered":"\u00dcber uns"},"content":{"rendered":"<p>[et_pb_section fb_built=&#8220;1&#8243; admin_label=&#8220;Sektion&#8220; _builder_version=&#8220;3.22&#8243; background_color=&#8220;#e2140d&#8220; transparent_background=&#8220;off&#8220; make_fullwidth=&#8220;off&#8220; use_custom_width=&#8220;off&#8220; width_unit=&#8220;on&#8220;][et_pb_row admin_label=&#8220;Zeile&#8220; _builder_version=&#8220;3.25&#8243; background_size=&#8220;initial&#8220; background_position=&#8220;top_left&#8220; background_repeat=&#8220;repeat&#8220;][et_pb_column type=&#8220;4_4&#8243; _builder_version=&#8220;3.25&#8243; custom_padding=&#8220;|||&#8220; custom_padding__hover=&#8220;|||&#8220;][et_pb_image src=&#8220;http:\/\/boston-bull.ch\/site\/wp-content\/uploads\/2011\/07\/tierwelt.jpg&#8220; align_tablet=&#8220;center&#8220; align_last_edited=&#8220;on|desktop&#8220; admin_label=&#8220;Bild&#8220; _builder_version=&#8220;3.23&#8243; animation_style=&#8220;slide&#8220; animation_direction=&#8220;left&#8220; animation_duration=&#8220;500ms&#8220; animation_intensity_slide=&#8220;10%&#8220; animation=&#8220;left&#8220; sticky=&#8220;off&#8220; use_border_color=&#8220;off&#8220; border_color=&#8220;#ffffff&#8220; border_style=&#8220;solid&#8220; always_center_on_mobile=&#8220;on&#8220;] [\/et_pb_image][\/et_pb_column][\/et_pb_row][\/et_pb_section][et_pb_section fb_built=&#8220;1&#8243; admin_label=&#8220;section&#8220; _builder_version=&#8220;3.22&#8243;][et_pb_row admin_label=&#8220;row&#8220; _builder_version=&#8220;3.25&#8243; background_size=&#8220;initial&#8220; background_position=&#8220;top_left&#8220; background_repeat=&#8220;repeat&#8220;][et_pb_column type=&#8220;4_4&#8243; _builder_version=&#8220;3.25&#8243; custom_padding=&#8220;|||&#8220; custom_padding__hover=&#8220;|||&#8220;][et_pb_text _builder_version=&#8220;3.27.4&#8243; background_size=&#8220;initial&#8220; background_position=&#8220;top_left&#8220; background_repeat=&#8220;repeat&#8220; use_border_color=&#8220;off&#8220;]<\/p>\n<h3><strong>Wir, das sind\u2026<\/strong><\/h3>\n<p>Katharina, Christoph und unsere Bostons leben in einem ausgebauten \u00fcber 350 Jahre alten Speicher in der wundersch\u00f6nen Gegend des Z\u00fcrcher Unterlands in der Schweiz.<br \/>\nDie Liebe zur Rasse entstand 2006 als wir das erste mal einen Boston Terrier sahen. Es war uns sofort klar so einer oder keiner! Und schon bald bereicherte Pumpkin unser Leben.<br \/>\nUnsere Hunde sind vollwertige Familienmitglieder und nehmen zu 100% an unserem Leben teil. Sie leben mit uns in einem Haus mit grossem Garten, der ihnen vollumf\u00e4nglich f\u00fcr Spiel, Sonnenbad und Entdeckungstouren zur Verf\u00fcgung steht. Unsere Hunde leben als freies Rudel mit uns und haben ihren festen Platz auf unserem Sofa. Die Gesundheit unserer Hunde liegt uns sehr am Herzen wir achten auf eine gesunde, ausgewogene und abwechslungsreiche Ern\u00e4hrung sowie gen\u00fcgend Bewegung, Spiel und Entspannung. Es ist uns wichtig, dass unsere Hunde vielseitig gefordert werden. Zu unseren Hobbies zusammen mit den Hunden geh\u00f6rt das Ausstellen, Fitness- und Tricktraining und Canicross\/Hindernissl\u00e4ufe.<br \/>\nUnsere Passion f\u00fcr die Rasse teilen wir mit unseren Freunden Coreen Zygar (Sulfity Boston Terriers, Canada), Ann Mynard (Andridz Boston Terriers, UK) und Maryanne Mack (Sidestreet Boston Terrieres, USA) mit denen wir sehr eng zusammenarbeiten.<\/p>\n<p><strong>Wir sind Mitglied im Schweizer Boston Terrier Club (BTFS) und dem Boston Terrier Cub of America (BTCA).<\/strong><\/p>\n<p>&nbsp;<br \/>\n[\/et_pb_text][\/et_pb_column][\/et_pb_row][\/et_pb_section][et_pb_section fb_built=&#8220;1&#8243; _builder_version=&#8220;3.22&#8243; background_color=&#8220;#000000&#8243; transparent_background=&#8220;off&#8220; make_fullwidth=&#8220;off&#8220; use_custom_width=&#8220;off&#8220; width_unit=&#8220;on&#8220;][et_pb_row _builder_version=&#8220;3.25&#8243; background_size=&#8220;initial&#8220; background_position=&#8220;top_left&#8220; background_repeat=&#8220;repeat&#8220;][et_pb_column type=&#8220;4_4&#8243; _builder_version=&#8220;3.25&#8243; custom_padding=&#8220;|||&#8220; custom_padding__hover=&#8220;|||&#8220;][et_pb_text _builder_version=&#8220;3.27.4&#8243; background_size=&#8220;initial&#8220; background_position=&#8220;top_left&#8220; background_repeat=&#8220;repeat&#8220; use_border_color=&#8220;off&#8220; border_color=&#8220;#ffffff&#8220; border_style=&#8220;solid&#8220;]ngg_shortcode_0_placeholder<br \/>\n[\/et_pb_text][\/et_pb_column][\/et_pb_row][\/et_pb_section][et_pb_section fb_built=&#8220;1&#8243; _builder_version=&#8220;3.22&#8243;][et_pb_row _builder_version=&#8220;3.25&#8243; background_size=&#8220;initial&#8220; background_position=&#8220;top_left&#8220; background_repeat=&#8220;repeat&#8220;][et_pb_column type=&#8220;4_4&#8243; _builder_version=&#8220;3.25&#8243; custom_padding=&#8220;|||&#8220; custom_padding__hover=&#8220;|||&#8220;][et_pb_text _builder_version=&#8220;3.27.4&#8243; background_size=&#8220;initial&#8220; background_position=&#8220;top_left&#8220; background_repeat=&#8220;repeat&#8220; use_border_color=&#8220;off&#8220; border_color=&#8220;#ffffff&#8220; border_style=&#8220;solid&#8220;]<strong>Welpenshooting E-, F- &amp; G-Wurf (2.1.2014)<\/strong><br \/>\nngg_shortcode_1_placeholder<br \/>\n[\/et_pb_text][\/et_pb_column][\/et_pb_row][\/et_pb_section][et_pb_section fb_built=&#8220;1&#8243; _builder_version=&#8220;3.22&#8243; background_color=&#8220;#7c7c7c&#8220;][et_pb_row _builder_version=&#8220;3.25&#8243; background_size=&#8220;initial&#8220; background_position=&#8220;top_left&#8220; background_repeat=&#8220;repeat&#8220; column_structure=&#8220;1_3,1_3,1_3&#8243;][et_pb_column type=&#8220;1_3&#8243; _builder_version=&#8220;3.25&#8243; custom_padding=&#8220;|||&#8220; custom_padding__hover=&#8220;|||&#8220;][et_pb_image src=&#8220;http:\/\/boston-bull.ch\/site\/wp-content\/uploads\/2019\/10\/IMG_1450-2.jpg&#8220; align_tablet=&#8220;center&#8220; align_last_edited=&#8220;on|desktop&#8220; _builder_version=&#8220;3.23&#8243; always_center_on_mobile=&#8220;on&#8220;][\/et_pb_image][\/et_pb_column][et_pb_column type=&#8220;1_3&#8243; _builder_version=&#8220;3.25&#8243; custom_padding=&#8220;|||&#8220; custom_padding__hover=&#8220;|||&#8220;][et_pb_image src=&#8220;http:\/\/boston-bull.ch\/site\/wp-content\/uploads\/2019\/10\/IMG_8577.jpg&#8220; align_tablet=&#8220;center&#8220; align_last_edited=&#8220;on|desktop&#8220; _builder_version=&#8220;3.23&#8243; always_center_on_mobile=&#8220;on&#8220;][\/et_pb_image][\/et_pb_column][et_pb_column type=&#8220;1_3&#8243; _builder_version=&#8220;3.25&#8243; custom_padding=&#8220;|||&#8220; custom_padding__hover=&#8220;|||&#8220;][et_pb_image src=&#8220;http:\/\/boston-bull.ch\/site\/wp-content\/uploads\/2019\/10\/IMG_3226.jpg&#8220; align_tablet=&#8220;center&#8220; align_last_edited=&#8220;on|desktop&#8220; _builder_version=&#8220;3.23&#8243; always_center_on_mobile=&#8220;on&#8220;][\/et_pb_image][\/et_pb_column][\/et_pb_row][\/et_pb_section]<\/p>\n","protected":false},"excerpt":{"rendered":"<p>Wir, das sind\u2026 Katharina, Christoph und unsere Bostons leben in einem ausgebauten \u00fcber 350 Jahre alten Speicher in der wundersch\u00f6nen Gegend des Z\u00fcrcher Unterlands in der Schweiz. Die Liebe zur Rasse entstand 2006 als wir das erste mal einen Boston Terrier sahen. Es war uns sofort klar so einer oder keiner! Und schon bald bereicherte [&hellip;]<\/p>\n","protected":false},"author":2,"featured_media":320,"parent":0,"menu_order":100,"comment_status":"closed","ping_status":"closed","template":"","meta":{"_et_pb_use_builder":"on","_et_pb_old_content":"<p><strong><img class=\"alignleft size-medium wp-image-320\" title=\"UeberUns\" src=\"http:\/\/boston-bull.ch\/site\/wp-content\/uploads\/2011\/07\/UeberUns-300x201.jpg\" alt=\"\" width=\"300\" height=\"201\">Wir, das sind\u2026<\/strong><br> Katharina, Christoph und unsere Bostons Pumpkin, Peanut, Candy, Lexi, Luz, Poppy, Chilla, Elliot, Chilli & Leroy leben in einem ausgebauten \u00fcber 350 Jahre alten Speicher in der wundersch\u00f6nen Gegend des Z\u00fcrcher Unterlands in der Schweiz.<br> Die Liebe zur Rasse entstand 2006 als wir das erste mal einen Boston Terrier sahen. Es war uns sofort klar so einer oder keiner! Und schon bald bereicherte Pumpkin unser Leben.<br> Unsere Hunde sind vollwertige Familienmitglieder und nehmen zu 100% an unserem Leben teil. Sie leben mit uns in einem Haus mit grossem Garten, der ihnen vollumf\u00e4nglich f\u00fcr Spiel, Sonnenbad und Entdeckungstouren zur Verf\u00fcgung steht. Unsere Hunde leben als freies Rudel mit uns und haben ihren festen Platz auf unserem Sofa. Die Gesundheit unserer Hunde liegt uns sehr am Herzen wir achten auf eine gesunde, ausgewogene und abwechslungsreiche Ern\u00e4hrung sowie gen\u00fcgend Bewegung, Spiel und Entspannung. Es ist uns wichtig, dass unsere Hunde vielseitig gefordert werden.<\/p><p>Unsere Passion teilen wir mit unseren Freunden Coreen Zygar (Sulfity Boston Terriers, Kanada) und Ann Mynard (Andridz Boston Terriers, England), mit denen wir sehr eng zusammenarbeiten.<\/p><p>Wir sind Mitglied im Schweizer Boston Terrier Club (BTFS), dem Boston Terrier Cub of America (BTCA).<\/p><p><a href=\"http:\/\/boston-bull.ch\/site\/wp-content\/uploads\/2011\/07\/tierwelt.jpg\"><img class=\"aligncenter size-full wp-image-1935\" src=\"http:\/\/boston-bull.ch\/site\/wp-content\/uploads\/2011\/07\/tierwelt.jpg\" alt=\"tierwelt\" width=\"960\" height=\"914\"><\/a><\/p>","_et_gb_content_width":"","ngg_post_thumbnail":0,"footnotes":""},"_links":{"self":[{"href":"http:\/\/boston-bull.ch\/site\/index.php?rest_route=\/wp\/v2\/pages\/2"}],"collection":[{"href":"http:\/\/boston-bull.ch\/site\/index.php?rest_route=\/wp\/v2\/pages"}],"about":[{"href":"http:\/\/boston-bull.ch\/site\/index.php?rest_route=\/wp\/v2\/types\/page"}],"author":[{"embeddable":true,"href":"http:\/\/boston-bull.ch\/site\/index.php?rest_route=\/wp\/v2\/users\/2"}],"replies":[{"embeddable":true,"href":"http:\/\/boston-bull.ch\/site\/index.php?rest_route=%2Fwp%2Fv2%2Fcomments&post=2"}],"version-history":[{"count":33,"href":"http:\/\/boston-bull.ch\/site\/index.php?rest_route=\/wp\/v2\/pages\/2\/revisions"}],"predecessor-version":[{"id":3029,"href":"http:\/\/boston-bull.ch\/site\/index.php?rest_route=\/wp\/v2\/pages\/2\/revisions\/3029"}],"wp:featuredmedia":[{"embeddable":true,"href":"http:\/\/boston-bull.ch\/site\/index.php?rest_route=\/wp\/v2\/media\/320"}],"wp:attachment":[{"href":"http:\/\/boston-bull.ch\/site\/index.php?rest_route=%2Fwp%2Fv2%2Fmedia&parent=2"}],"curies":[{"name":"wp","href":"https:\/\/api.w.org\/{rel}","templated":true}]}}