{"id":2112,"date":"2016-02-03T15:33:06","date_gmt":"2016-02-03T15:33:06","guid":{"rendered":"http:\/\/boston-bull.ch\/site\/?page_id=2112"},"modified":"2021-04-21T09:20:12","modified_gmt":"2021-04-21T09:20:12","slug":"leroy","status":"publish","type":"page","link":"http:\/\/boston-bull.ch\/site?page_id=2112","title":{"rendered":"Leroy"},"content":{"rendered":"<p>[et_pb_section fb_built=&#8220;1&#8243; admin_label=&#8220;section&#8220; _builder_version=&#8220;3.22&#8243;][et_pb_row column_structure=&#8220;3_5,2_5&#8243; admin_label=&#8220;row&#8220; _builder_version=&#8220;3.25&#8243; background_size=&#8220;initial&#8220; background_position=&#8220;top_left&#8220; background_repeat=&#8220;repeat&#8220;][et_pb_column type=&#8220;3_5&#8243; _builder_version=&#8220;3.25&#8243; custom_padding=&#8220;|||&#8220; custom_padding__hover=&#8220;|||&#8220;][et_pb_text _builder_version=&#8220;4.9.4&#8243; _module_preset=&#8220;default&#8220;]<\/p>\n<h1>Leroy<\/h1>\n<p>[\/et_pb_text][et_pb_text admin_label=&#8220;Text&#8220; _builder_version=&#8220;4.9.4&#8243; background_size=&#8220;initial&#8220; background_position=&#8220;top_left&#8220; background_repeat=&#8220;repeat&#8220; hover_enabled=&#8220;0&#8243; sticky_enabled=&#8220;0&#8243;]<\/p>\n<p><strong>RBIG BPISS CH. MJCH. Graustein&#8217;s I Am Incredible [Geb.19.10.2015]<br \/><\/strong><em>\u00abSatellite\u00bb<\/em><strong><br \/><\/strong><\/p>\n<p>SHSB\/LOS: 738551<br \/><strong>Z\u00fcchter:<\/strong> Katharina Mattioli &amp; Christoph Windisch<br \/><strong>Besitzer:<\/strong> Katharina Mattioli, Christoph Windisch &amp; Coreen Zygar<\/p>\n<p><strong>Vater:<\/strong> MCH. Andridz Dandy&#8217;s Elite<br \/><strong>Mutter:<\/strong> JCH. Follow me to Paris vom Graustein<\/p>\n<p><strong>Gesundheitstests:<\/strong><br \/>&gt; Patella: 0\/0<br \/>&gt; BAER: normal<br \/>&gt; CERF: ohne Befund<br \/>&gt; DNA EHC: N\/N (clear)<br \/>&gt; DM &#8211; Degenerative Myelopathie: N\/N (clear)<\/p>\n<p><strong>Gewicht: <\/strong>8.4kg<\/p>\n<p><strong>Leroy ist seit dem 11.6.2017 mit \u201avorz\u00fcglich\u2018 zur Zucht zugelassen steht aber NICHT zur Verf\u00fcgung.<\/strong><strong><br \/><\/strong><\/p>\n<p>&nbsp;<\/p>\n<p>[\/et_pb_text][\/et_pb_column][et_pb_column type=&#8220;2_5&#8243; _builder_version=&#8220;3.25&#8243; custom_padding=&#8220;|||&#8220; custom_padding__hover=&#8220;|||&#8220;][et_pb_image src=&#8220;http:\/\/boston-bull.ch\/site\/wp-content\/uploads\/2019\/10\/leroy_outdoor.jpg&#8220; title_text=&#8220;leroy_outdoor&#8220; _builder_version=&#8220;4.9.4&#8243; _module_preset=&#8220;default&#8220;][\/et_pb_image][\/et_pb_column][\/et_pb_row][et_pb_row _builder_version=&#8220;4.9.4&#8243; _module_preset=&#8220;default&#8220;][et_pb_column type=&#8220;4_4&#8243; _builder_version=&#8220;4.9.4&#8243; _module_preset=&#8220;default&#8220;][et_pb_text _builder_version=&#8220;4.9.4&#8243; _module_preset=&#8220;default&#8220;]<\/p>\n<p><strong>Champion-Titel:<br \/><\/strong>Internationaler Champion CIB<br \/>Champion Italien<br \/>Champion \u00d6sterreich<br \/>Schweizer Sch\u00f6nheits Champion<br \/>Champion San Marion<br \/>Schweizer Ausstellungs Champion<br \/>Schweizer Jugend-Sch\u00f6nheits-Champion<br \/>Alpen Jugend Chamipon<br \/>Jugendchampion \u00d6sterreich<br \/>Jugendchampion San Marino<\/p>\n<p><strong>Anwartschaften:<\/strong><br \/>San Marino, Italien, \u00d6sterreich, Schweizer Sch\u00f6nheits Champion, Internationaler Sch\u00f6nheits Champion<\/p>\n<p><strong>Titel:<\/strong><br \/>Alpen Jugend Sieger 2016 (Tulln AT)<strong><br \/><\/strong>Alpen Jugend Sieger 2016 (Genf CH)<strong><br \/><\/strong>Bundesjugendsieger AT 2016<strong><br \/><\/strong>Middle East European Junior Winner 2016<strong><br \/><\/strong>Best Puppy in Show,\u00a0 CAC Augsburg 2016<strong><br \/><\/strong>Junior BIS 3, Gruppe 9 Schau, Lenzburg CH 2016<strong><br \/><\/strong>BIG 2, CACB San Marino Dez. 2016<strong><br \/><\/strong>3x qualified Crufts 2017<strong><br \/><\/strong>1x qualified Crufts 2018<strong><br \/><\/strong>Clubsieger BTFS 2017<\/p>\n<hr \/>\n<table width=\"800\" cellspacing=\"3\" cellpadding=\"5\" border=\"1\">\n<tbody>\n<tr>\n<td rowspan=\"4\" width=\"270\" valign=\"middle\" align=\"center\"><em>Vater\/Sire<br \/><\/em>Andridz Dandy&#8217;s Elite<br \/>MCH.<\/td>\n<td rowspan=\"2\" width=\"270\" valign=\"middle\" align=\"center\">T-Bo&#8217;s Dandy Diamonds<br \/>MCH.<\/td>\n<td width=\"260\" valign=\"middle\" align=\"center\">\n<p>&nbsp;<\/p>\n<p>T-Bo\u2019s Top Gun For Hire<\/p>\n<\/td>\n<\/tr>\n<tr>\n<td valign=\"middle\" align=\"center\">Kean-T-Bo\u2019s Cajun Delight<br \/>CH.<\/td>\n<\/tr>\n<tr>\n<td rowspan=\"2\" valign=\"middle\" align=\"center\">Andridz Wicked Wilma<br \/>CH.<\/td>\n<td style=\"text-align: center;\">Kennedy\u2019s Pucker Up For Donmar<br \/>CH.<\/td>\n<\/tr>\n<tr>\n<td valign=\"middle\" align=\"center\">Kingrock Double Delight Andridz<\/td>\n<\/tr>\n<tr>\n<td rowspan=\"4\" valign=\"middle\" align=\"center\"><em>Mutter\/Dam<br \/><\/em>Follow me To Paris vom Graustein<br \/>JCH.<\/td>\n<td rowspan=\"2\" valign=\"middle\" align=\"center\">Sulfity\u2019s Be Cool<br \/>MCH.<\/td>\n<td valign=\"middle\" align=\"center\">Kennedy\u2019s How Sweet It Is At Mtnview<br \/>CH.<\/td>\n<\/tr>\n<tr>\n<td valign=\"middle\" align=\"center\">Sulfity\u2019s Mtnview Cosmic Runway<\/td>\n<\/tr>\n<tr>\n<td rowspan=\"2\" valign=\"middle\" align=\"center\">Bijou de Paris vom GrausteiCH.<\/td>\n<td valign=\"middle\" align=\"center\">T-Bo&#8217;s Dandy Diamonds<br \/>MCH.<\/td>\n<\/tr>\n<tr>\n<td valign=\"middle\" align=\"center\">Carmel of residential Carmel<\/td>\n<\/tr>\n<\/tbody>\n<\/table>\n<p>&nbsp;<\/p>\n<p>&nbsp;<\/p>\n<p>[\/et_pb_text][\/et_pb_column][\/et_pb_row][\/et_pb_section]<\/p>\n","protected":false},"excerpt":{"rendered":"<p>LeroyRBIG BPISS CH. MJCH. Graustein&#8217;s I Am Incredible [Geb.19.10.2015]\u00abSatellite\u00bb SHSB\/LOS: 738551Z\u00fcchter: Katharina Mattioli &amp; Christoph WindischBesitzer: Katharina Mattioli, Christoph Windisch &amp; Coreen Zygar Vater: MCH. Andridz Dandy&#8217;s EliteMutter: JCH. Follow me to Paris vom Graustein Gesundheitstests:&gt; Patella: 0\/0&gt; BAER: normal&gt; CERF: ohne Befund&gt; DNA EHC: N\/N (clear)&gt; DM &#8211; Degenerative Myelopathie: N\/N (clear) Gewicht: 8.4kg [&hellip;]<\/p>\n","protected":false},"author":2,"featured_media":0,"parent":1377,"menu_order":0,"comment_status":"closed","ping_status":"closed","template":"","meta":{"_et_pb_use_builder":"on","_et_pb_old_content":"[:de]<strong><a href=\"http:\/\/boston-bull.ch\/site\/wp-content\/uploads\/2016\/02\/13319741_10209754806451283_5463488333928364759_n.jpg\"><img class=\"alignleft size-thumbnail wp-image-2168\" src=\"http:\/\/boston-bull.ch\/site\/wp-content\/uploads\/2016\/02\/13319741_10209754806451283_5463488333928364759_n-150x150.jpg\" alt=\"13319741_10209754806451283_5463488333928364759_n\" width=\"150\" height=\"150\"><\/a>RBIG BPISS CH. MJCH. Graustein's I Am Incredible [Geb.19.10.2015]\r\nSHSB\/LOS: <\/strong>738551\r\n<strong>Z\u00fcchter:<\/strong> Katharina Mattioli &amp; Christoph Windisch\r\n<strong>Besitzer:<\/strong> Katharina Mattioli, Christoph Windisch &amp; Coreen Zygar\r\n\r\n<strong>Vater:<\/strong> MCH. Andridz Dandy's Elite\r\n<strong>Mutter:<\/strong> JCH. Follow me to Paris vom Graustein\r\n\r\n<strong>Gesundheitstests:<\/strong>\r\n&gt; Patella: 0\/0\r\n&gt; BAER: normal\r\n&gt; CERF: ohne Befund\r\n&gt; DNA EHC: N\/N (clear)\r\n&gt; DM - Degenerative Myelopathie: N\/N (clear)\r\n\r\n<strong>Gewicht: <\/strong>8.4kg\r\n\r\n<strong>Leroy ist seit dem 11.6.2017 mit \u201avorz\u00fcglich\u2018 zur Zucht zugelassen steht aber NICHT zur Verf\u00fcgung.<\/strong><strong>\r\n<\/strong>\r\n\r\n<strong>Champion-Titel:\r\n<\/strong>Schweizer Ausstellungs Champion\r\nSchweizer Jugend-Sch\u00f6nheits-Champion\r\nAlpen Jugend Chamipon\r\nJugendchampion \u00d6sterreich\r\nJugendchampion San Marino\r\n\r\n<strong>Anwartschaften:<\/strong>\r\nSan Marino, Italien, \u00d6sterreich, Schweizer Sch\u00f6nheits Champion, Internationaler Sch\u00f6nheits Champion\r\n\r\n<strong>Titel:<\/strong>\r\nAlpen Jugend Sieger 2016 (Tulln AT)<strong>\r\n<\/strong>Alpen Jugend Sieger 2016 (Genf CH)<strong>\r\n<\/strong>Bundesjugendsieger AT 2016<strong>\r\n<\/strong>Middle East European Junior Winner 2016<strong>\r\n<\/strong>Best Puppy in Show,&nbsp; CAC Augsburg 2016<strong>\r\n<\/strong>Junior BIS 3, Gruppe 9 Schau, Lenzburg CH 2016<strong>\r\n<\/strong>BIG 2, CACB San Marino Dez. 2016<strong>\r\n<\/strong>3x qualified Crufts 2017<strong>\r\n<\/strong>1x qualified Crufts 2018<strong>\r\n<\/strong>Clubsieger BTFS 2017\r\n\r\n<a href=\"http:\/\/boston-bull.ch\/site\/wp-content\/uploads\/2016\/02\/ad_leroy.jpg\"><\/a><a href=\"http:\/\/boston-bull.ch\/site\/wp-content\/uploads\/2016\/02\/ad_leroy-1.jpg\"><img class=\"wp-image-2723  alignnone\" src=\"http:\/\/boston-bull.ch\/site\/wp-content\/uploads\/2016\/02\/ad_leroy-1.jpg\" alt=\"\" width=\"511\" height=\"870\"><\/a>\r\n\r\n<hr>\r\n\r\n<table width=\"800\" cellspacing=\"3\" cellpadding=\"5\" border=\"1\">\r\n<tbody>\r\n<tr>\r\n<td rowspan=\"4\" width=\"270\" valign=\"middle\" align=\"center\"><em>Vater\/Sire\r\n<\/em>Andridz Dandy's Elite\r\nMCH.<\/td>\r\n<td rowspan=\"2\" width=\"270\" valign=\"middle\" align=\"center\">T-Bo's Dandy Diamonds\r\nMCH.<\/td>\r\n<td width=\"260\" valign=\"middle\" align=\"center\">&nbsp;\r\n\r\nT-Bo\u2019s Top Gun For Hire<\/td>\r\n<\/tr>\r\n<tr>\r\n<td valign=\"middle\" align=\"center\">Kean-T-Bo\u2019s Cajun Delight\r\nCH.<\/td>\r\n<\/tr>\r\n<tr>\r\n<td rowspan=\"2\" valign=\"middle\" align=\"center\">Andridz Wicked Wilma\r\nCH.<\/td>\r\n<td style=\"text-align: center;\">Kennedy\u2019s Pucker Up For Donmar\r\nCH.<\/td>\r\n<\/tr>\r\n<tr>\r\n<td valign=\"middle\" align=\"center\">Kingrock Double Delight Andridz<\/td>\r\n<\/tr>\r\n<tr>\r\n<td rowspan=\"4\" valign=\"middle\" align=\"center\"><em>Mutter\/Dam\r\n<\/em>Follow me To Paris vom Graustein\r\nJCH.<\/td>\r\n<td rowspan=\"2\" valign=\"middle\" align=\"center\">Sulfity\u2019s Be Cool\r\nMCH.<\/td>\r\n<td valign=\"middle\" align=\"center\">Kennedy\u2019s How Sweet It Is At Mtnview\r\nCH.<\/td>\r\n<\/tr>\r\n<tr>\r\n<td valign=\"middle\" align=\"center\">Sulfity\u2019s Mtnview Cosmic Runway<\/td>\r\n<\/tr>\r\n<tr>\r\n<td rowspan=\"2\" valign=\"middle\" align=\"center\">Bijou de Paris vom Graustein\r\nCH.<\/td>\r\n<td valign=\"middle\" align=\"center\">T-Bo's Dandy Diamonds\r\nMCH.<\/td>\r\n<\/tr>\r\n<tr>\r\n<td valign=\"middle\" align=\"center\">Carmel of residential Carmel<\/td>\r\n<\/tr>\r\n<\/tbody>\r\n<\/table>[:en]<strong><a href=\"http:\/\/boston-bull.ch\/site\/wp-content\/uploads\/2016\/02\/13319741_10209754806451283_5463488333928364759_n.jpg\"><img class=\"alignleft size-thumbnail wp-image-2168\" src=\"http:\/\/boston-bull.ch\/site\/wp-content\/uploads\/2016\/02\/13319741_10209754806451283_5463488333928364759_n-150x150.jpg\" alt=\"13319741_10209754806451283_5463488333928364759_n\" width=\"150\" height=\"150\"><\/a>RBIG BPISS CH. MJCH. Graustein's I Am Incredible [Geb.19.10.2015]\r\nSHSB\/LOS: <\/strong>738551\r\n<strong>Z\u00fcchter:<\/strong> Katharina Mattioli &amp; Christoph Windisch\r\n<strong>Besitzer:<\/strong> Katharina Mattioli, Christoph Windisch &amp; Coreen Zygar\r\n\r\n<strong>Vater:<\/strong> MCH. Andridz Dandy's Elite\r\n<strong>Mutter:<\/strong> JCH. Follow me to Paris vom Graustein\r\n\r\n<strong>Gesundheitstests:<\/strong>\r\n&gt; Patella: 0\/0\r\n&gt; BAER: normal\r\n&gt; CERF: ohne Befund\r\n&gt; DNA EHC: N\/N (clear)\r\n&gt; DM - Degenerative Myelopathie: N\/N (clear)\r\n\r\n<strong>Gewicht: <\/strong>8.4kg\r\n\r\n<strong>Leroy ist seit dem 11.6.2017 mit \u201avorz\u00fcglich\u2018 zur Zucht zugelassen steht aber NICHT zur Verf\u00fcgung.<\/strong><strong>\r\n<\/strong>\r\n\r\n<strong>Champion-Titel:\r\n<\/strong>Internationaler Sch\u00f6nheitschampion FCI\r\nItalienischer Sch\u00f6nehits Champion (beantragt)\r\n\u00d6sterreichischer Sch\u00f6nheits Champion\r\nSchweizer Sch\u00f6nheits Champion<strong>\r\n<\/strong>Schweizer Ausstellungs Champion\r\nSchweizer Jugend-Sch\u00f6nheits-Champion\r\nAlpen Jugend Chamipon\r\nJugendchampion \u00d6sterreich\r\nJugendchampion San Marino\r\n\r\n<strong>Anwartschaften:<\/strong>\r\nSan Marino, Italien, \u00d6sterreich, Schweizer Sch\u00f6nheits Champion, Internationaler Sch\u00f6nheits Champion\r\n\r\n<strong>Titel:<\/strong>\r\nAlpen Jugend Sieger 2016 (Tulln AT)<strong>\r\n<\/strong>Alpen Jugend Sieger 2016 (Genf CH)<strong>\r\n<\/strong>Bundesjugendsieger AT 2016<strong>\r\n<\/strong>Middle East European Junior Winner 2016<strong>\r\n<\/strong>Best Puppy in Show,&nbsp; CAC Augsburg 2016<strong>\r\n<\/strong>Junior BIS 3, Gruppe 9 Schau, Lenzburg CH 2016<strong>\r\n<\/strong>BIG 2, CACB San Marino Dez. 2016<strong>\r\n<\/strong>3x qualified Crufts 2017<strong>\r\n<\/strong>1x qualified Crufts 2018<strong>\r\n<\/strong>Clubsieger BTFS 2017\r\n\r\n<a href=\"http:\/\/boston-bull.ch\/site\/wp-content\/uploads\/2016\/02\/ad_leroy-1.jpg\"><img class=\"wp-image-2723 alignnone\" src=\"http:\/\/boston-bull.ch\/site\/wp-content\/uploads\/2016\/02\/ad_leroy-1.jpg\" alt=\"\" width=\"511\" height=\"870\"><\/a>\r\n\r\n<hr>\r\n\r\n<table width=\"800\" cellspacing=\"3\" cellpadding=\"5\" border=\"1\">\r\n<tbody>\r\n<tr>\r\n<td rowspan=\"4\" width=\"270\" valign=\"middle\" align=\"center\"><em>Vater\/Sire\r\n<\/em>Andridz Dandy's Elite\r\nMCH.<\/td>\r\n<td rowspan=\"2\" width=\"270\" valign=\"middle\" align=\"center\">T-Bo's Dandy Diamonds\r\nMCH.<\/td>\r\n<td width=\"260\" valign=\"middle\" align=\"center\">&nbsp;\r\n\r\nT-Bo\u2019s Top Gun For Hire<\/td>\r\n<\/tr>\r\n<tr>\r\n<td valign=\"middle\" align=\"center\">Kean-T-Bo\u2019s Cajun Delight\r\nCH.<\/td>\r\n<\/tr>\r\n<tr>\r\n<td rowspan=\"2\" valign=\"middle\" align=\"center\">Andridz Wicked Wilma\r\nCH.<\/td>\r\n<td style=\"text-align: center;\">Kennedy\u2019s Pucker Up For Donmar\r\nCH.<\/td>\r\n<\/tr>\r\n<tr>\r\n<td valign=\"middle\" align=\"center\">Kingrock Double Delight Andridz<\/td>\r\n<\/tr>\r\n<tr>\r\n<td rowspan=\"4\" valign=\"middle\" align=\"center\"><em>Mutter\/Dam\r\n<\/em>Follow me To Paris vom Graustein\r\nJCH.<\/td>\r\n<td rowspan=\"2\" valign=\"middle\" align=\"center\">Sulfity\u2019s Be Cool\r\nMCH.<\/td>\r\n<td valign=\"middle\" align=\"center\">Kennedy\u2019s How Sweet It Is At Mtnview\r\nCH.<\/td>\r\n<\/tr>\r\n<tr>\r\n<td valign=\"middle\" align=\"center\">Sulfity\u2019s Mtnview Cosmic Runway<\/td>\r\n<\/tr>\r\n<tr>\r\n<td rowspan=\"2\" valign=\"middle\" align=\"center\">Bijou de Paris vom Graustein\r\nCH.<\/td>\r\n<td valign=\"middle\" align=\"center\">T-Bo's Dandy Diamonds\r\nMCH.<\/td>\r\n<\/tr>\r\n<tr>\r\n<td valign=\"middle\" align=\"center\">Carmel of residential Carmel<\/td>\r\n<\/tr>\r\n<\/tbody>\r\n<\/table>[:]","_et_gb_content_width":"","ngg_post_thumbnail":0,"footnotes":""},"_links":{"self":[{"href":"http:\/\/boston-bull.ch\/site\/index.php?rest_route=\/wp\/v2\/pages\/2112"}],"collection":[{"href":"http:\/\/boston-bull.ch\/site\/index.php?rest_route=\/wp\/v2\/pages"}],"about":[{"href":"http:\/\/boston-bull.ch\/site\/index.php?rest_route=\/wp\/v2\/types\/page"}],"author":[{"embeddable":true,"href":"http:\/\/boston-bull.ch\/site\/index.php?rest_route=\/wp\/v2\/users\/2"}],"replies":[{"embeddable":true,"href":"http:\/\/boston-bull.ch\/site\/index.php?rest_route=%2Fwp%2Fv2%2Fcomments&post=2112"}],"version-history":[{"count":37,"href":"http:\/\/boston-bull.ch\/site\/index.php?rest_route=\/wp\/v2\/pages\/2112\/revisions"}],"predecessor-version":[{"id":3108,"href":"http:\/\/boston-bull.ch\/site\/index.php?rest_route=\/wp\/v2\/pages\/2112\/revisions\/3108"}],"up":[{"embeddable":true,"href":"http:\/\/boston-bull.ch\/site\/index.php?rest_route=\/wp\/v2\/pages\/1377"}],"wp:attachment":[{"href":"http:\/\/boston-bull.ch\/site\/index.php?rest_route=%2Fwp%2Fv2%2Fmedia&parent=2112"}],"curies":[{"name":"wp","href":"https:\/\/api.w.org\/{rel}","templated":true}]}}