{"id":57,"date":"2012-03-05T12:34:01","date_gmt":"2012-03-05T12:34:01","guid":{"rendered":"http:\/\/boston-bull.ch\/site\/?page_id=57"},"modified":"2021-04-21T18:47:59","modified_gmt":"2021-04-21T18:47:59","slug":"weiterbildung","status":"publish","type":"page","link":"http:\/\/boston-bull.ch\/site?page_id=57","title":{"rendered":"Aus- &#038; Weiterbildung"},"content":{"rendered":"<p>[et_pb_section fb_built=&#8220;1&#8243; _builder_version=&#8220;4.9.4&#8243; _module_preset=&#8220;default&#8220; background_color=&#8220;#E02B20&#8243;][et_pb_row _builder_version=&#8220;4.9.4&#8243; _module_preset=&#8220;default&#8220;][et_pb_column type=&#8220;4_4&#8243; _builder_version=&#8220;4.9.4&#8243; _module_preset=&#8220;default&#8220;][et_pb_text _builder_version=&#8220;4.9.4&#8243; _module_preset=&#8220;default&#8220;]<\/p>\n<h3 style=\"text-align: center;\"><span style=\"color: #ffffff;\">F\u00fcr uns ist es sehr wichtig im Leben immer einen Schritt weiter zu gehen. <br \/>Aus diesem Grund sind wir offen f\u00fcr Neues und bereit st\u00e4ndig dazu zu lernen. Durch entsprechende Lekt\u00fcre, Gespr\u00e4che, Kurse und aktiver Arbeit auf dem Hundeplatz lernen wir sehr viel mit, von und \u00fcber unsere Hunde.<\/span><\/h3>\n<p>[\/et_pb_text][\/et_pb_column][\/et_pb_row][\/et_pb_section][et_pb_section fb_built=&#8220;1&#8243; admin_label=&#8220;section&#8220; _builder_version=&#8220;3.22&#8243;][et_pb_row admin_label=&#8220;row&#8220; _builder_version=&#8220;3.25&#8243; background_size=&#8220;initial&#8220; background_position=&#8220;top_left&#8220; background_repeat=&#8220;repeat&#8220;][et_pb_column type=&#8220;4_4&#8243; _builder_version=&#8220;3.25&#8243; custom_padding=&#8220;|||&#8220; custom_padding__hover=&#8220;|||&#8220;][et_pb_text _builder_version=&#8220;4.9.4&#8243; _module_preset=&#8220;default&#8220;]<\/p>\n<h3>Kurse, Aktivit\u00e4ten, Aus- &amp; Weiterbildungen seit 2010:<\/h3>\n<p>Katharina Mattioli (dipl. Hundephysiotherapeutin, CCFT)<\/p>\n<p>[\/et_pb_text][et_pb_text admin_label=&#8220;Text&#8220; _builder_version=&#8220;4.9.4&#8243; background_size=&#8220;initial&#8220; background_position=&#8220;top_left&#8220; background_repeat=&#8220;repeat&#8220; hover_enabled=&#8220;0&#8243; sticky_enabled=&#8220;0&#8243;]<\/p>\n<table width=\"100%\" cellspacing=\"5\" cellpadding=\"5\" border=\"0\">\n<tbody>\n<tr>\n<td width=\"20%\"><strong><strong>seit Juli 2020<\/strong><\/strong><\/td>\n<td width=\"80%\">In Ausbildung &#8211; UTVetCE &#8211; <strong>CCMT &#8211; Certified Canine Manual Therapist <\/strong>(University of Tennessee)<strong><\/strong><\/td>\n<\/tr>\n<tr>\n<td width=\"20%\"><strong><strong>seit Mai 2020<br \/><\/strong><\/strong><\/td>\n<td width=\"80%\">Podcast &#8211; <strong>Let&#8217;s Talk Canine Fitness <\/strong>&#8211; Zusammenarbeit mit Dr. Leslie Eide (USA)<strong><\/strong><\/td>\n<\/tr>\n<tr>\n<td width=\"20%\"><strong><strong>2020<\/strong><\/strong><\/td>\n<td width=\"80%\"><strong>Webinare:<\/strong><br \/>Dr. Debbie Torraca &#8211; Digital Thermal Imaging<br \/>Tanya Grantham &#8211; Rear Limb Awareness in the Juvenile Dog<br \/>Carie Adrian &amp; Erica Parise &#8211; GCS Joint Care Series &#8211; What does it Mean?<br \/>Dr. Sherman O. Canapp &#8211; Medial Shoulder Syndrome &#8211; Why is this becoming so common and how do you prevent it?<br \/>Dr. Sherman O. Canapp &#8211; Iliopsoas Strains &#8211; Common in Human and Canine Athletes<\/td>\n<\/tr>\n<tr>\n<td width=\"20%\"><strong><strong>14.-16.9.2019<\/strong><\/strong><\/td>\n<td width=\"80%\">Annick Busl\/Guido Welenmann &#8211; Zughunde-Trainierlehrgang &#8211; Canicross, Dogscooting, Bikej\u00f6ring<\/td>\n<\/tr>\n<tr>\n<td width=\"20%\"><strong><strong>30.8.-1.9.2019<\/strong><\/strong><\/td>\n<td width=\"80%\">Dr. Leslie Eide &#8211; Therapeutic Exercises, Fitness Exercises, Injury Prevention<\/td>\n<\/tr>\n<tr>\n<td width=\"20%\"><strong><strong>seit 2018<br \/><\/strong><\/strong><\/td>\n<td width=\"80%\">Dozentin an der Anisana Fachschule f\u00fcr ganzheitliche Tierheilkunde<br \/>F\u00e4cher: Aktiver Bewegungsapparat Hund, Trainingstherapie &amp; Sport<\/td>\n<\/tr>\n<tr>\n<td width=\"20%\"><strong><strong>22.\/23.6.2017<\/strong><\/strong><\/td>\n<td width=\"80%\">Technikkurs Laser-Frequenz-Therapie nach Vinja Bauer<\/td>\n<\/tr>\n<tr>\n<td width=\"20%\"><strong><strong>12.-14.5.2017<\/strong><\/strong><\/td>\n<td width=\"80%\">Laser-Frequenz-Therapie Schwerpunkt Epigenetik nach Vinja Bauer<\/td>\n<\/tr>\n<tr>\n<td width=\"20%\"><strong><strong>18.\/19.2.2017<\/strong><\/strong><\/td>\n<td width=\"80%\">Grundkurs Laser-Frequenz-Therapie nach Vinja Bauer<\/td>\n<\/tr>\n<tr>\n<td width=\"20%\"><strong><strong>15.\/16.1.2017<\/strong><\/strong><\/td>\n<td width=\"80%\">Bobbie Lyons &#8211; Advanced Equipment Training<\/td>\n<\/tr>\n<tr>\n<td><strong><strong>23.\/24.6.2016<\/strong><\/strong><\/td>\n<td>Sabine Harrer &#8211; Neurodynamik Modul 1<\/td>\n<\/tr>\n<tr>\n<td><strong><strong>2016<\/strong><\/strong><\/td>\n<td>UTVetCE &#8211; <strong>CCFT &#8211; Certified Canine Fitness Trainer <\/strong>(University of Tennessee)<strong><br \/><\/strong><\/td>\n<\/tr>\n<tr>\n<td><strong><strong>Sept. 2015<\/strong><\/strong><\/td>\n<td>UT &#8211; CARES &#8211; Sports Medicine Conference 2015<\/td>\n<\/tr>\n<tr>\n<td><strong><strong>23.8.2014<\/strong><\/strong><\/td>\n<td>ANISANA &#8211; PNF-Propriozeptive Neuromuskul\u00e4re Fasziliation<\/td>\n<\/tr>\n<tr>\n<td><strong><strong>2014 <\/strong><\/strong><\/td>\n<td>UTVetCE &#8211; Canine III &#8211; Therapeutic Exercise Prescription\/Aquatic Therapy<\/td>\n<\/tr>\n<tr>\n<td><strong><strong>2014 <\/strong><\/strong><\/td>\n<td>UTVetCE &#8211; Canine II &#8211; Physical Agents &amp; Electrotherapeutic Modalities<\/td>\n<\/tr>\n<tr>\n<td><strong><strong>2014 <\/strong><\/strong><\/td>\n<td>UTVetCE &#8211; Canine I &#8211; Introduction to Canine Rehabilitation<\/td>\n<\/tr>\n<tr>\n<td><strong>15.03.2014<\/strong><\/td>\n<td>AniSana &#8211; Abschluss Ausbildung zur <strong>dipl. Hundephysiotherapeutin<\/strong> (Ausbildungsdauer: 2011-2014) &#8218;<strong><a href=\"http:\/\/boston-bull.ch\/site\/wp-content\/uploads\/2012\/03\/diplom.pdf\" target=\"_blank\" rel=\"noopener\">Diplom<\/a><\/strong>&#8218;<\/td>\n<\/tr>\n<tr>\n<td><strong>23.12.2013<\/strong><\/td>\n<td>Wurfanalyse (E-, F- &amp; G-Wurf vom Graustein)<\/td>\n<\/tr>\n<tr>\n<td><strong>21.12.2013<\/strong><\/td>\n<td>Kynologie Schweiz \u2013 Kynologie Instruktor Schweiz (KIS) \/ SKN Instruktor <strong><a href=\"http:\/\/boston-bull.ch\/site\/wp-content\/uploads\/2012\/03\/zertifikat-Kopie.jpg\">&#8218;Zertifikat<\/a>&#8218;<\/strong><\/td>\n<\/tr>\n<tr>\n<td><strong>15.5.2013<\/strong><\/td>\n<td>BTCA \u2013 Judges Education Seminar bei Carl E. Gomes, Michael &amp; Beverly Staley\u00a0 <strong>&#8218;<a href=\"http:\/\/boston-bull.ch\/site\/wp-content\/uploads\/2012\/03\/BTCA_JudgesSeminar.pdf\">Zertifikat<\/a>&#8218;<\/strong><\/td>\n<\/tr>\n<tr>\n<td><strong>24.2.2013<\/strong><\/td>\n<td>Certodog \u2013 Abschluss mit Zertifikat <strong>&#8218;<a href=\"http:\/\/boston-bull.ch\/site\/wp-content\/uploads\/2012\/03\/FBA_Zert.pdf\">FBA f\u00fcr gewerbsm\u00e4ssige Z\u00fcchter<\/a>&#8218;<\/strong><\/td>\n<\/tr>\n<tr>\n<td><strong>2.2.2013<\/strong><\/td>\n<td>Certodog \u2013 Erste Hilfe beim Hund bei Dr. med. vet. Daniel Koch<\/td>\n<\/tr>\n<tr>\n<td><strong>26.1.2013<\/strong><\/td>\n<td>Certodog \u2013 Ausdrucksverhalten bei Hunden bei Dr. med. vet. Esther Schalke<\/td>\n<\/tr>\n<tr>\n<td><strong>25.1.2013<\/strong><\/td>\n<td>Certodog \u2013 Praktischer Tierschutz &amp; Hund bei Dr. med. vet. Thomas Kalbermatter<\/td>\n<\/tr>\n<tr>\n<td><strong>9.1.2013<\/strong><\/td>\n<td>Wurfanalyse (D-Wurf vom Graustein)<\/td>\n<\/tr>\n<tr>\n<td><strong>4.12.2012<\/strong><\/td>\n<td>Wurfanalyse (C-Wurf vom Graustein)<\/td>\n<\/tr>\n<tr>\n<td><strong>3.11.2012<\/strong><\/td>\n<td>Hunde-, Welpenanalyse Seminar<\/td>\n<\/tr>\n<tr>\n<td><strong>28.6.2012<\/strong><\/td>\n<td>Certodog \u2013 Abschluss mit Zertifikat <strong>&#8218;<a href=\"http:\/\/boston-bull.ch\/site\/wp-content\/uploads\/2012\/03\/Zuchtwart_Zert.pdf\">Certodog\u00ae Zuchtwartin<\/a>&#8218;<\/strong><\/td>\n<\/tr>\n<tr>\n<td><strong>28.4.2012<\/strong><\/td>\n<td>Certodog \u2013 Farbgenetik, Aufzucht, Welpenkontrolle<\/td>\n<\/tr>\n<tr>\n<td><strong>24.2.2012<\/strong><\/td>\n<td>Themenabend bei Certodog \u2013 Pathologie bei Dr. med. vet. Daniel Koch, dipl. ECVS<\/td>\n<\/tr>\n<tr>\n<td><strong>24.2.2012<\/strong><\/td>\n<td>Themenabend bei Certodog \u2013 Pathologie bei Dr. med. vet. Daniel Koch, dipl. ECVS<\/td>\n<\/tr>\n<tr>\n<td><strong>11.\/12.2.2012 <\/strong><\/td>\n<td>Showhandling Seminar Teil 2. bei C. M\u00fcnch, M\u00fcco \u2013 Showhandling and more (D)<\/td>\n<\/tr>\n<tr>\n<td><strong>4.\/5.2.2012<\/strong><\/td>\n<td>Certodog \u2013 Welpenentwicklung \/ fachgerechte Welpenspielstunden bei Celina del Amo Verhaltenstier\u00e4rztin<\/td>\n<\/tr>\n<tr>\n<td><strong>1.12.2011<\/strong><\/td>\n<td>Themenabend bei Certodog \u2013 Anatomie &amp; Physiologie bei Dr. med. vet. Iris Reichler<\/td>\n<\/tr>\n<tr>\n<td><strong>24.11.2011<\/strong><\/td>\n<td>Themenabend bei Certodog \u2013 Genetische Grundlagen der Hundezucht bei Dr. med. vet. Heinrich Binder<\/td>\n<\/tr>\n<tr>\n<td><strong>1.11.2011<\/strong><\/td>\n<td>Wurfanalyse (B-Wurf vom Graustein)<\/td>\n<\/tr>\n<tr>\n<td><strong>2.\/3.10.2011<\/strong><\/td>\n<td>Showhandling Seminar Teil 1. bei C. M\u00fcnch, M\u00fcco \u2013 Showhandling and more (D)<\/td>\n<\/tr>\n<tr>\n<td><strong>19.8.2011 <\/strong><\/td>\n<td>Wurfanalyse (A-Wurf vom Graustein)<\/td>\n<\/tr>\n<tr>\n<td><strong>14.5.2011<\/strong><\/td>\n<td>Hunde-, Welpenanalyse Seminar<\/td>\n<\/tr>\n<tr>\n<td><strong>30.4.2011<\/strong><\/td>\n<td>Z\u00fcchterseminar Eukanuba \u2013 Gesundheit Haut und Fell bei Dr. med.vet. Kiki Wackenhut Z\u00fcchterseminar Eukanuba \u2013 Tr\u00e4chtigkeit und Geburt bei Prof. Dr.med.vet. Susi Arnold<\/td>\n<\/tr>\n<tr>\n<td><strong>10.4.2010<\/strong><\/td>\n<td>SKG Kurs \u2013 Ringsekret\u00e4rin<\/td>\n<\/tr>\n<\/tbody>\n<\/table>\n<p>&nbsp;<\/p>\n<p>[\/et_pb_text][\/et_pb_column][\/et_pb_row][\/et_pb_section]<\/p>\n","protected":false},"excerpt":{"rendered":"<p>F\u00fcr uns ist es sehr wichtig im Leben immer einen Schritt weiter zu gehen. Aus diesem Grund sind wir offen f\u00fcr Neues und bereit st\u00e4ndig dazu zu lernen. Durch entsprechende Lekt\u00fcre, Gespr\u00e4che, Kurse und aktiver Arbeit auf dem Hundeplatz lernen wir sehr viel mit, von und \u00fcber unsere Hunde.Kurse, Aktivit\u00e4ten, Aus- &amp; Weiterbildungen seit 2010: [&hellip;]<\/p>\n","protected":false},"author":2,"featured_media":0,"parent":2,"menu_order":100,"comment_status":"closed","ping_status":"closed","template":"","meta":{"_et_pb_use_builder":"on","_et_pb_old_content":"F\u00fcr uns ist es sehr wichtig im Leben immer einen Schritt weiter zu gehen. Aus diesem Grund sind wir offen f\u00fcr Neues und bereit st\u00e4ndig dazu zu lernen. Durch entsprechende Lekt\u00fcre, Gespr\u00e4che, Kurse und aktiver Arbeit auf dem Hundeplatz lernen wir sehr viel mit, von und \u00fcber unsere Hunde.\r\n\r\nKatharina Mattioli, dipl. Hundephysiotherapeutin, CCFT (Kurse, Aus- &amp; Weiterbildungen seit 2010):\r\n<table width=\"100%\" cellspacing=\"5\" cellpadding=\"5\" border=\"0\">\r\n<tbody>\r\n<tr>\r\n<td width=\"20%\"><strong><strong>15.\/16.1.2017<\/strong><\/strong><\/td>\r\n<td width=\"80%\">Bobbie Lyons - Advanced Equipment Training<\/td>\r\n<\/tr>\r\n<tr>\r\n<td><strong><strong>23.\/24.6.2016<\/strong><\/strong><\/td>\r\n<td>Sabine Harrer - Neurodynamik<\/td>\r\n<\/tr>\r\n<tr>\r\n<td><strong><strong>2016<\/strong><\/strong><\/td>\r\n<td>UTVetCE - <strong>CCFT - Certified Canine Fitness Trainer <\/strong>(University of Tennessee)<strong>\r\n<\/strong><\/td>\r\n<\/tr>\r\n<tr>\r\n<td><strong><strong>Sept. 2015<\/strong><\/strong><\/td>\r\n<td>UT - CARES - Sports Medicine Conference 2015<\/td>\r\n<\/tr>\r\n<tr>\r\n<td><strong><strong>23.8.2014<\/strong><\/strong><\/td>\r\n<td>ANISANA - PNF-Propriozeptive Neuromuskul\u00e4re Fasziliation<\/td>\r\n<\/tr>\r\n<tr>\r\n<td><strong><strong>2014 <\/strong><\/strong><\/td>\r\n<td>UTVetCE - Canine III - Therapeutic Exercise Prescription\/Aquatic Therapy<\/td>\r\n<\/tr>\r\n<tr>\r\n<td><strong><strong>2014 <\/strong><\/strong><\/td>\r\n<td>UTVetCE - Canine II - Physical Agents &amp; Electrotherapeutic Modalities<\/td>\r\n<\/tr>\r\n<tr>\r\n<td><strong><strong>2014 <\/strong><\/strong><\/td>\r\n<td>UTVetCE - Canine I - Introduction to Canine Rehabilitation<\/td>\r\n<\/tr>\r\n<tr>\r\n<td><strong>15.03.2014<\/strong><\/td>\r\n<td>AniSana - Abschluss Ausbildung zur <strong>dipl. Hundephysiotherapeutin<\/strong> (Ausbildungsdauer: 2011-2014) '<strong><a href=\"http:\/\/boston-bull.ch\/site\/wp-content\/uploads\/2012\/03\/diplom.pdf\" target=\"_blank\" rel=\"noopener\">Diplom<\/a><\/strong>'<\/td>\r\n<\/tr>\r\n<tr>\r\n<td><strong>23.12.2013<\/strong><\/td>\r\n<td>Wurfanalyse (E-, F- &amp; G-Wurf vom Graustein)<\/td>\r\n<\/tr>\r\n<tr>\r\n<td><strong>21.12.2013<\/strong><\/td>\r\n<td>Kynologie Schweiz \u2013 Kynologie Instruktor Schweiz (KIS) \/ SKN Instruktor <strong><a href=\"http:\/\/boston-bull.ch\/site\/wp-content\/uploads\/2012\/03\/zertifikat-Kopie.jpg\">'Zertifikat<\/a>'<\/strong><\/td>\r\n<\/tr>\r\n<tr>\r\n<td><strong>15.5.2013<\/strong><\/td>\r\n<td>BTCA \u2013 Judges Education Seminar bei Carl E. Gomes, Michael &amp; Beverly Staley&nbsp; <strong>'<a href=\"http:\/\/boston-bull.ch\/site\/wp-content\/uploads\/2012\/03\/BTCA_JudgesSeminar.pdf\">Zertifikat<\/a>'<\/strong><\/td>\r\n<\/tr>\r\n<tr>\r\n<td><strong>24.2.2013<\/strong><\/td>\r\n<td>Certodog \u2013 Abschluss mit Zertifikat <strong>'<a href=\"http:\/\/boston-bull.ch\/site\/wp-content\/uploads\/2012\/03\/FBA_Zert.pdf\">FBA f\u00fcr gewerbsm\u00e4ssige Z\u00fcchter<\/a>'<\/strong><\/td>\r\n<\/tr>\r\n<tr>\r\n<td><strong>2.2.2013<\/strong><\/td>\r\n<td>Certodog \u2013 Erste Hilfe beim Hund bei Dr. med. vet. Daniel Koch<\/td>\r\n<\/tr>\r\n<tr>\r\n<td><strong>26.1.2013<\/strong><\/td>\r\n<td>Certodog \u2013 Ausdrucksverhalten bei Hunden bei Dr. med. vet. Esther Schalke<\/td>\r\n<\/tr>\r\n<tr>\r\n<td><strong>25.1.2013<\/strong><\/td>\r\n<td>Certodog \u2013 Praktischer Tierschutz &amp; Hund bei Dr. med. vet. Thomas Kalbermatter<\/td>\r\n<\/tr>\r\n<tr>\r\n<td><strong>9.1.2013<\/strong><\/td>\r\n<td>Wurfanalyse (D-Wurf vom Graustein)<\/td>\r\n<\/tr>\r\n<tr>\r\n<td><strong>4.12.2012<\/strong><\/td>\r\n<td>Wurfanalyse (C-Wurf vom Graustein)<\/td>\r\n<\/tr>\r\n<tr>\r\n<td><strong>3.11.2012<\/strong><\/td>\r\n<td>Hunde-, Welpenanalyse Seminar<\/td>\r\n<\/tr>\r\n<tr>\r\n<td><strong>28.6.2012<\/strong><\/td>\r\n<td>Certodog \u2013 Abschluss mit Zertifikat <strong>'<a href=\"http:\/\/boston-bull.ch\/site\/wp-content\/uploads\/2012\/03\/Zuchtwart_Zert.pdf\">Certodog\u00ae Zuchtwartin<\/a>'<\/strong><\/td>\r\n<\/tr>\r\n<tr>\r\n<td><strong>28.4.2012<\/strong><\/td>\r\n<td>Certodog \u2013 Farbgenetik, Aufzucht, Welpenkontrolle<\/td>\r\n<\/tr>\r\n<tr>\r\n<td><strong>24.2.2012<\/strong><\/td>\r\n<td>Themenabend bei Certodog \u2013 Pathologie bei Dr. med. vet. Daniel Koch, dipl. ECVS<\/td>\r\n<\/tr>\r\n<tr>\r\n<td><strong>24.2.2012<\/strong><\/td>\r\n<td>Themenabend bei Certodog \u2013 Pathologie bei Dr. med. vet. Daniel Koch, dipl. ECVS<\/td>\r\n<\/tr>\r\n<tr>\r\n<td><strong>11.\/12.2.2012 <\/strong><\/td>\r\n<td>Showhandling Seminar Teil 2. bei C. M\u00fcnch, M\u00fcco \u2013 Showhandling and more (D)<\/td>\r\n<\/tr>\r\n<tr>\r\n<td><strong>4.\/5.2.2012<\/strong><\/td>\r\n<td>Certodog \u2013 Welpenentwicklung \/ fachgerechte Welpenspielstunden bei Celina del Amo Verhaltenstier\u00e4rztin<\/td>\r\n<\/tr>\r\n<tr>\r\n<td><strong>1.12.2011<\/strong><\/td>\r\n<td>Themenabend bei Certodog \u2013 Anatomie &amp; Physiologie bei Dr. med. vet. Iris Reichler<\/td>\r\n<\/tr>\r\n<tr>\r\n<td><strong>24.11.2011<\/strong><\/td>\r\n<td>Themenabend bei Certodog \u2013 Genetische Grundlagen der Hundezucht bei Dr. med. vet. Heinrich Binder<\/td>\r\n<\/tr>\r\n<tr>\r\n<td><strong>1.11.2011<\/strong><\/td>\r\n<td>Wurfanalyse (B-Wurf vom Graustein)<\/td>\r\n<\/tr>\r\n<tr>\r\n<td><strong>2.\/3.10.2011<\/strong><\/td>\r\n<td>Showhandling Seminar Teil 1. bei C. M\u00fcnch, M\u00fcco \u2013 Showhandling and more (D)<\/td>\r\n<\/tr>\r\n<tr>\r\n<td><strong>19.8.2011 <\/strong><\/td>\r\n<td>Wurfanalyse (A-Wurf vom Graustein)<\/td>\r\n<\/tr>\r\n<tr>\r\n<td><strong>14.5.2011<\/strong><\/td>\r\n<td>Hunde-, Welpenanalyse Seminar<\/td>\r\n<\/tr>\r\n<tr>\r\n<td><strong>30.4.2011<\/strong><\/td>\r\n<td>Z\u00fcchterseminar Eukanuba \u2013 Gesundheit Haut und Fell bei Dr. med.vet. Kiki Wackenhut Z\u00fcchterseminar Eukanuba \u2013 Tr\u00e4chtigkeit und Geburt bei Prof. Dr.med.vet. Susi Arnold<\/td>\r\n<\/tr>\r\n<tr>\r\n<td><strong>10.4.2010<\/strong><\/td>\r\n<td>SKG Kurs \u2013 Ringsekret\u00e4rin<\/td>\r\n<\/tr>\r\n<\/tbody>\r\n<\/table>","_et_gb_content_width":"","ngg_post_thumbnail":0,"footnotes":""},"_links":{"self":[{"href":"http:\/\/boston-bull.ch\/site\/index.php?rest_route=\/wp\/v2\/pages\/57"}],"collection":[{"href":"http:\/\/boston-bull.ch\/site\/index.php?rest_route=\/wp\/v2\/pages"}],"about":[{"href":"http:\/\/boston-bull.ch\/site\/index.php?rest_route=\/wp\/v2\/types\/page"}],"author":[{"embeddable":true,"href":"http:\/\/boston-bull.ch\/site\/index.php?rest_route=\/wp\/v2\/users\/2"}],"replies":[{"embeddable":true,"href":"http:\/\/boston-bull.ch\/site\/index.php?rest_route=%2Fwp%2Fv2%2Fcomments&post=57"}],"version-history":[{"count":52,"href":"http:\/\/boston-bull.ch\/site\/index.php?rest_route=\/wp\/v2\/pages\/57\/revisions"}],"predecessor-version":[{"id":3171,"href":"http:\/\/boston-bull.ch\/site\/index.php?rest_route=\/wp\/v2\/pages\/57\/revisions\/3171"}],"up":[{"embeddable":true,"href":"http:\/\/boston-bull.ch\/site\/index.php?rest_route=\/wp\/v2\/pages\/2"}],"wp:attachment":[{"href":"http:\/\/boston-bull.ch\/site\/index.php?rest_route=%2Fwp%2Fv2%2Fmedia&parent=57"}],"curies":[{"name":"wp","href":"https:\/\/api.w.org\/{rel}","templated":true}]}}